{"id":13707,"date":"2022-06-01T10:27:34","date_gmt":"2022-06-01T10:27:34","guid":{"rendered":"https:\/\/gadis.es\/saludable\/?page_id=13707"},"modified":"2022-06-01T10:31:38","modified_gmt":"2022-06-01T10:31:38","slug":"aviso-legal-gal","status":"publish","type":"page","link":"https:\/\/www.gadis.es\/saludable\/aviso-legal-gal\/","title":{"rendered":"Aviso Legal gal"},"content":{"rendered":"\t\t<div data-elementor-type=\"wp-page\" data-elementor-id=\"13707\" class=\"elementor elementor-13707\">\n\t\t\t\t\t\t<section class=\"elementor-section elementor-top-section elementor-element elementor-element-86f1ec8 elementor-section-boxed elementor-section-height-default elementor-section-height-default\" data-id=\"86f1ec8\" data-element_type=\"section\" data-e-type=\"section\">\n\t\t\t\t\t\t<div class=\"elementor-container elementor-column-gap-default\">\n\t\t\t\t\t<div class=\"elementor-column elementor-col-100 elementor-top-column elementor-element elementor-element-cd1258f\" data-id=\"cd1258f\" data-element_type=\"column\" data-e-type=\"column\">\n\t\t\t<div class=\"elementor-widget-wrap elementor-element-populated\">\n\t\t\t\t\t\t<div class=\"elementor-element elementor-element-1672f9c elementor-widget elementor-widget-heading\" data-id=\"1672f9c\" data-element_type=\"widget\" data-e-type=\"widget\" data-widget_type=\"heading.default\">\n\t\t\t\t<div class=\"elementor-widget-container\">\n\t\t\t\t\t<h1 class=\"elementor-heading-title elementor-size-default\">aviso legal<\/h1>\t\t\t\t<\/div>\n\t\t\t\t<\/div>\n\t\t\t\t<div class=\"elementor-element elementor-element-0f2e03e elementor-widget elementor-widget-heading\" data-id=\"0f2e03e\" data-element_type=\"widget\" data-e-type=\"widget\" data-widget_type=\"heading.default\">\n\t\t\t\t<div class=\"elementor-widget-container\">\n\t\t\t\t\t<h2 class=\"elementor-heading-title elementor-size-default\">CONDICI\u00d3NS DE USO<\/h2>\t\t\t\t<\/div>\n\t\t\t\t<\/div>\n\t\t\t\t<div class=\"elementor-element elementor-element-ffa4119 elementor-widget elementor-widget-text-editor\" data-id=\"ffa4119\" data-element_type=\"widget\" data-e-type=\"widget\" data-widget_type=\"text-editor.default\">\n\t\t\t\t<div class=\"elementor-widget-container\">\n\t\t\t\t\t\t\t\t\t<p>Gallega de Distribuidores de Alimentaci\u00f3n S.A. ( GADISA), como cabeceira do grupo GADISA, e titular do sitio web www. gadis .es, cedeu o uso do mesmo a GADISA RETAIL S. L.U, (pertencente ao grupo GADISA e \u00e1 s\u00faa vez cabeceira do sub-grupo GADISA RETAIL) e \u00e1 vez encomendoulle a xesti\u00f3n do sitio web www.gadis.es, co fin de dar servizo do portal de internet \u00e1s empresas do sub-grupo GADISA RETAIL e aos clientes e usuarios destas. Por iso, en diante referir\u00e9monos unicamente a GADISA RETAIL, cuxos datos de contacto son os seguintes:<\/p><p>GADISA RETAIL SLU, C.I. F. B-15735590 con domicilio social no Pol\u00edgono de Piadela, s\/n, 15300 Betanzos (A Coru\u00f1a), inscrita no Rexistro Mercantil da Coru\u00f1a, Tomo 3.357, Secci\u00f3n Xeral, Folio 32, Folla c-24.918, inscrici\u00f3n 16\u00aa.<\/p><p>GADISA RETAIL, como xestor da p\u00e1xina web, pon a disposici\u00f3n dos usuarios as presentes \u201cCondici\u00f3ns de Servizo e Pol\u00edtica de Protecci\u00f3n de Datos\u201d en cumprimento do establecido na Lei 34\/2002, de Servizos da Sociedade da Informaci\u00f3n e do Comercio Electr\u00f3nico (LSSI-CE) e na lexislaci\u00f3n correspondente \u00e1 materia de protecci\u00f3n de datos, e concretamente co Regulamento UE 2016\/679, do Parlamento Europeo e do Consello, do 27 de abril (en diante \u201cEstas Condici\u00f3ns\u201d).<\/p><p>Desde o momento en que vostede decida acceder ao site e navegar por el, est\u00e1 a aceptar sen reserva \u201cEstas Condici\u00f3ns\u201d. O acceso ao site \u00e9 gratu\u00edto e para navegar por el non \u00e9 necesario que revele a s\u00faa identidade nin que facilite ning\u00fan dato persoal.<\/p>\t\t\t\t\t\t\t\t<\/div>\n\t\t\t\t<\/div>\n\t\t\t\t<div class=\"elementor-element elementor-element-902dfda elementor-widget elementor-widget-heading\" data-id=\"902dfda\" data-element_type=\"widget\" data-e-type=\"widget\" data-widget_type=\"heading.default\">\n\t\t\t\t<div class=\"elementor-widget-container\">\n\t\t\t\t\t<h2 class=\"elementor-heading-title elementor-size-default\">INFORMACI\u00d3NS SOBRE SERVIZOS<\/h2>\t\t\t\t<\/div>\n\t\t\t\t<\/div>\n\t\t\t\t<div class=\"elementor-element elementor-element-346cfaa elementor-widget elementor-widget-text-editor\" data-id=\"346cfaa\" data-element_type=\"widget\" data-e-type=\"widget\" data-widget_type=\"text-editor.default\">\n\t\t\t\t<div class=\"elementor-widget-container\">\n\t\t\t\t\t\t\t\t\t<p>Este sitio web constit\u00fae unha presentaci\u00f3n xeral dos servizos que presta GADISA RETAIL. A informaci\u00f3n e datos descritos no mesmo son de car\u00e1cter meramente informativo, rogamos que para confirmar calquera dato se po\u00f1a en contacto con GADISA RETAIL.<\/p>\t\t\t\t\t\t\t\t<\/div>\n\t\t\t\t<\/div>\n\t\t\t\t<div class=\"elementor-element elementor-element-f04fcc1 elementor-widget elementor-widget-heading\" data-id=\"f04fcc1\" data-element_type=\"widget\" data-e-type=\"widget\" data-widget_type=\"heading.default\">\n\t\t\t\t<div class=\"elementor-widget-container\">\n\t\t\t\t\t<h2 class=\"elementor-heading-title elementor-size-default\">PROPIEDADE INTELECTUAL E INDUSTRIAL<\/h2>\t\t\t\t<\/div>\n\t\t\t\t<\/div>\n\t\t\t\t<div class=\"elementor-element elementor-element-fbc9c83 elementor-widget elementor-widget-text-editor\" data-id=\"fbc9c83\" data-element_type=\"widget\" data-e-type=\"widget\" data-widget_type=\"text-editor.default\">\n\t\t\t\t<div class=\"elementor-widget-container\">\n\t\t\t\t\t\t\t\t\t<p>O contido e elementos que integran o sitio web, son propiedade ou at\u00f3panse baixo o control de Grupo GADISA, estando protexidos, sen limitaci\u00f3ns polas leis de propiedade intelectual e industrial do Reino de Espa\u00f1a e polos Tratados e Convenios internacionais que resultasen de aplicaci\u00f3n. A estes efectos, considerarase como contido: as fotograf\u00edas, textos, esl\u00f3ganes, dese\u00f1os, imaxes, secuencias animadas sonoras ou non, as\u00ed como todas as obras integradas.<\/p><p>GADISA \u00e9 o titular de todos os dereitos de propiedade intelectual, industrial e an\u00e1logos que puidesen recaer sobre o sitio web. Quedando reservados a favor do Grupo, todos os dereitos sobre calquera contido e elementos da s\u00faa propiedade que se incorporasen no sitio web.<\/p><p>Calquera transmisi\u00f3n, distribuci\u00f3n, reproduci\u00f3n ou almacenamento, total ou parcial, precisa o previo e expreso consentimento por escrito dirixido a GADISA RETAIL, excepto cando se indique o contrario.<\/p><p>Os nomes GADISA, GADIS, GADIS HIPER, BEBEGADIS, VIVAMOS COMO GALEGOS, GADISLINE, as\u00ed como os seus logotipos, son marcas rexistradas propiedade de Grupo GADISA. A reproduci\u00f3n, imitaci\u00f3n, utilizaci\u00f3n ou inserci\u00f3n destas marcas sen a autorizaci\u00f3n de GADISA ser\u00e1 constitutivo de delito tipificado no vixente C\u00f3digo penal.<\/p>\t\t\t\t\t\t\t\t<\/div>\n\t\t\t\t<\/div>\n\t\t\t\t<div class=\"elementor-element elementor-element-50a6d4e elementor-widget elementor-widget-heading\" data-id=\"50a6d4e\" data-element_type=\"widget\" data-e-type=\"widget\" data-widget_type=\"heading.default\">\n\t\t\t\t<div class=\"elementor-widget-container\">\n\t\t\t\t\t<h2 class=\"elementor-heading-title elementor-size-default\">LIMITACI\u00d3N DE RESPONSABILIDADE<\/h2>\t\t\t\t<\/div>\n\t\t\t\t<\/div>\n\t\t\t\t<div class=\"elementor-element elementor-element-142ac8f elementor-widget elementor-widget-text-editor\" data-id=\"142ac8f\" data-element_type=\"widget\" data-e-type=\"widget\" data-widget_type=\"text-editor.default\">\n\t\t\t\t<div class=\"elementor-widget-container\">\n\t\t\t\t\t\t\t\t\t<p>GADISA RETAIL, res\u00e9rvase o dereito de modificar as informaci\u00f3ns que figuran no presente sitio web, relativas \u00e1s caracter\u00edsticas dos seus servizos, en todo momento.<\/p><p>As caracter\u00edsticas dos servizos presentados no web site \u201cwww.gadis.es\u201d son as existentes no momento da s\u00faa posta online ou da actualizaci\u00f3n das diferentes p\u00e1xinas da web.<\/p><p>Doutra banda, GADISA RETAIL, non pode asumir responsabilidade:<\/p><ol type=\"a\"><li>Pola imposibilidade temporal de acceso ao sitio web nun momento determinado, ou \u00e1 informaci\u00f3n concreta de entre os inclu\u00eddos ou naqueles sitios web aos que o usuario acceda mediante ligaz\u00f3ns de hipertexto situados no sitio web.<\/li><li>Pola exactitude ou actualidade dos contidos, informaci\u00f3ns e ofertas de produtos e servizos fornecidos.<\/li><li>En ning\u00fan caso, GADISA RETAIL poder\u00e1 ser responsable de problemas directos ou indirectos, de prexu\u00edzos materiais, perda de datos ou de programa, prexu\u00edzos financeiros, resultado do acceso ou uso do seu sitio web.<\/li><\/ol><p>No presente sitio web existen informaci\u00f3ns simplificadas, ou ben redactadas co \u00e1nimo de facer m\u00e1is f\u00e1cil a s\u00faa comprensi\u00f3n polo usuario medio, polo que GADISA RETAIL, non se fai responsable polas interpretaci\u00f3ns err\u00f3neas a que poida dar orixe a informaci\u00f3n aqu\u00ed presentada, salvo actuaci\u00f3n neglixente por parte de GADISA RETAIL, no exercicio das s\u00faas funci\u00f3ns.<\/p><p>As\u00ed mesmo, as informaci\u00f3ns sobre os servizos corresponden \u00e1 definici\u00f3n do momento da posta online das p\u00e1xinas do sitio web non son proporcionadas m\u00e1is que a t\u00edtulo indicativo, e non ser\u00e1n consideradas como constitu\u00edntes dunha oferta contractual de servizos procedentes de GADISA RETAIL.<\/p><p>GADISA RETAIL non responder\u00e1 en ning\u00fan caso polos danos orixinados como consecuencia de feitos fortu\u00edtos ou imprevisibles, nin por aqueles que sexan consecuencia do comportamento neglixente do usuario.<\/p>\t\t\t\t\t\t\t\t<\/div>\n\t\t\t\t<\/div>\n\t\t\t\t<div class=\"elementor-element elementor-element-3a81a46 elementor-widget elementor-widget-heading\" data-id=\"3a81a46\" data-element_type=\"widget\" data-e-type=\"widget\" data-widget_type=\"heading.default\">\n\t\t\t\t<div class=\"elementor-widget-container\">\n\t\t\t\t\t<h2 class=\"elementor-heading-title elementor-size-default\">LINKS HIPERTEXTO<\/h2>\t\t\t\t<\/div>\n\t\t\t\t<\/div>\n\t\t\t\t<div class=\"elementor-element elementor-element-65fbb60 elementor-widget elementor-widget-text-editor\" data-id=\"65fbb60\" data-element_type=\"widget\" data-e-type=\"widget\" data-widget_type=\"text-editor.default\">\n\t\t\t\t<div class=\"elementor-widget-container\">\n\t\t\t\t\t\t\t\t\t<p>A actualizaci\u00f3n dun link hipertexto cara ao sitio web \u201cwww.gadis.es\u201d necesita unha autorizaci\u00f3n previa escrita por GADISA RETAIL. Se desexa inclu\u00edr no seu sitio web un link hipertexto cara a \u201cwww.gadis.es\u201d debe contactar co Responsable do sitio web.<\/p><p>GADISA RETAIL non pode en ning\u00fan caso ser responsable da actualizaci\u00f3n dos sitios web que fan un link hipertexto e non ten ningunha responsabilidade sobre o contido, os produtos, os servizos, etc., dispo\u00f1ibles nos mesmos ou a partir deles.<\/p>\t\t\t\t\t\t\t\t<\/div>\n\t\t\t\t<\/div>\n\t\t\t\t<div class=\"elementor-element elementor-element-67820ed elementor-widget elementor-widget-heading\" data-id=\"67820ed\" data-element_type=\"widget\" data-e-type=\"widget\" data-widget_type=\"heading.default\">\n\t\t\t\t<div class=\"elementor-widget-container\">\n\t\t\t\t\t<h2 class=\"elementor-heading-title elementor-size-default\">POSTA AO D\u00cdA DAS CONDICI\u00d3NS XERAIS DESTA P\u00c1XINA WEB<\/h2>\t\t\t\t<\/div>\n\t\t\t\t<\/div>\n\t\t\t\t<div class=\"elementor-element elementor-element-cfbc97b elementor-widget elementor-widget-text-editor\" data-id=\"cfbc97b\" data-element_type=\"widget\" data-e-type=\"widget\" data-widget_type=\"text-editor.default\">\n\t\t\t\t<div class=\"elementor-widget-container\">\n\t\t\t\t\t\t\t\t\t<p>GADISA RETAIL, res\u00e9rvase o dereito de modificar e actualizar en calquera momento o acceso ao sitio web as\u00ed como as Condici\u00f3ns Xerais desta p\u00e1xina WEB. Estas modificaci\u00f3ns e actualizaci\u00f3ns afectan ao usuario no sentido de que debe acudir a esta secci\u00f3n para verificar as Condici\u00f3ns Xerais desta p\u00e1xina WEB en vigor.<\/p>\t\t\t\t\t\t\t\t<\/div>\n\t\t\t\t<\/div>\n\t\t\t\t<div class=\"elementor-element elementor-element-d552589 elementor-widget elementor-widget-heading\" data-id=\"d552589\" data-element_type=\"widget\" data-e-type=\"widget\" data-widget_type=\"heading.default\">\n\t\t\t\t<div class=\"elementor-widget-container\">\n\t\t\t\t\t<h2 class=\"elementor-heading-title elementor-size-default\">PROTECCI\u00d3N DE DATOS<\/h2>\t\t\t\t<\/div>\n\t\t\t\t<\/div>\n\t\t\t\t<div class=\"elementor-element elementor-element-e40fc39 elementor-widget elementor-widget-text-editor\" data-id=\"e40fc39\" data-element_type=\"widget\" data-e-type=\"widget\" data-widget_type=\"text-editor.default\">\n\t\t\t\t<div class=\"elementor-widget-container\">\n\t\t\t\t\t\t\t\t\t<p>El usuario puede consultar y navegar por el sitio web sin revelar su identidad ni proporcionar datos de car\u00e1cter personal.<\/p><p>Si bien en el caso de que el usuario cumplimente de forma voluntaria los formularios del sitio web\u00a0www.gadis.es\u00a0a los efectos de la legislaci\u00f3n en materia de protecci\u00f3n de datos, y del Reglamento UE 2016\/679, del Parlamento Europeo y del Consejo, de 27 de abril, informamos a los usuarios:\u00a0<\/p><ul><li>Que la informaci\u00f3n proporcionada en la secci\u00f3n\u00a0<strong>\u201ccontacta con nosotros\/buz\u00f3n\u201d<\/strong>\u00a0tiene como finalidad la de\u00a0<strong>atender su consulta, sugerencia y\/o reclamaci\u00f3n a fin de mejorar la atenci\u00f3n al cliente<\/strong>. Cualquier cliente o usuario, podr\u00e1 ponerse en contacto con las empresas del Grupo GADISA (Gallega de Distribuidores de Alimentaci\u00f3n S.A., Gadisa Retail S.L.U., Mercartabria S.L.U., Lucus Market S.L.U., Pontevicus S.L.U., Atl\u00e1ntica Saga Ourense S.L.U., Ecom\u00e1s Supermercados S.L., Hipermercados y Economatos S.A.U., Berganti\u00f1os \u00c1rea Comercial S.L., Bienes Inmuebles Corporativos Atl\u00e1nticos 2008 S.L.U, Ezequiel Arribas S.A.U.) para que su consulta sea atendida. Por ello, y a efectos de los datos recabados en esta secci\u00f3n, le informamos que ser\u00e1 considerado Responsable de tratamiento, aquella de las sociedades del grupo a las cuales se dirige el mensaje. Dichos datos podr\u00e1n ser comunicados a las sociedades pertenecientes al Grupo, para cumplir con la finalidad descrita. Los datos ser\u00e1n destruidos tan pronto como se cumpla la finalidad descrita. Las\u00a0<strong>categor\u00edas de datos<\/strong>\u00a0que piden son los relativos a datos identificativos, el nombre y datos de contacto, email y tel\u00e9fono en su caso.\u00a0Los Responsables del tratamiento cumplen \u00edntegramente con la legislaci\u00f3n vigente en materia de protecci\u00f3n de datos de car\u00e1cter personal, por ello, el tratamiento de sus datos corresponde exclusivamente al fin citado anteriormente estando\u00a0<strong>legitimadas<\/strong>\u00a0por el consentimiento que expresamente se ha otorgado al aceptar esta pol\u00edtica de privacidad.<\/li><li>Los datos recabados en la secci\u00f3n\u00a0<strong>\u201cOPORTUNIGADIS\u201d<\/strong>\u00a0ser\u00e1n tratados con la\u00a0<strong>finalidad del env\u00edo de comunicaciones comerciales y publicitarias de GADIS<\/strong>. Las\u00a0categor\u00edas de datos tratados son los relativos a datos de contacto, email y c\u00f3digo postal.El tratamiento de los datos personales llevados a cabo por GADISA RETAIL S.L.U. responde exclusivamente a los fines establecidos anteriormente y correspondientes a los que le fueron requeridos, estando\u00a0<strong>legitimada<\/strong>\u00a0para ello por el consentimiento que expresamente se ha otorgado al aceptar las presentes condiciones. El\u00a0<strong>tiempo de conservaci\u00f3n<\/strong>\u00a0de los datos ser\u00e1 el correspondiente a la duraci\u00f3n de la relaci\u00f3n entre Gadisa Retail, S.L.U y el cliente, o hasta que ejerza sus derechos de cancelaci\u00f3n o supresi\u00f3n.Dichos datos no ser\u00e1n transferidos a terceras personas sin el correspondiente consentimiento previo, ni fuera de los casos expresamente previstos en la legislaci\u00f3n de protecci\u00f3n de datos.<\/li><li>Los datos recabados en los distintos sorteos, promociones o concursos ser\u00e1n tratados con la\u00a0<strong>finalidad de gestionar la realizaci\u00f3n de los mismos<\/strong>, lo que incluye la organizaci\u00f3n, control y entrega de premios, estando legitimada para dicho tratamiento por el consentimiento otorgado expresamente por el interesado. Las\u00a0<strong>categor\u00edas de datos<\/strong> tratados son los relativos a datos de identificaci\u00f3n (como nombre y apellidos ) y datos de contacto. Estos datos se destruir\u00e1n una vez realizado el sorteo, concurso o promoci\u00f3n a excepci\u00f3n de los datos de los ganadores que se conservar\u00e1n mientras se gestionan la entrega del premio. Dichos datos no ser\u00e1n transferidos a terceras personas sin el correspondiente consentimiento previo, ni fuera de los casos expresamente previstos en la legislaci\u00f3n de protecci\u00f3n de datos.<\/li><\/ul><p>\u00a0<\/p><p>El interesado podr\u00e1 ejercitar los\u00a0<strong>derechos de acceso, rectificaci\u00f3n, cancelaci\u00f3n o supresi\u00f3n, oposici\u00f3n, a la limitaci\u00f3n de su tratamiento o a la portabilidad de datos<\/strong>\u00a0dirigi\u00e9ndose:<\/p><ul><li>Por correo postal GADISA RETAIL S.L.U, ubicada en el Pol\u00edgono Piadela, s\/n de 15.300 Betanzos.<\/li><li>Por correo electr\u00f3nico, a la direcci\u00f3n lopd@gadisa.es.<\/li><\/ul><p>\u00a0<\/p><p>Indicando en REF: Protecci\u00f3n de datos (oportunigadis) y adjuntando fotocopia de DNI.\u00a0<\/p><p>Igualmente\u00a0<strong>tiene usted derecho a presentar su reclamaci\u00f3n<\/strong>\u00a0ante la Agencia de Protecci\u00f3n de Datos.<br \/>El env\u00edo de comunicaciones publicitarias y\/o comerciales son conformes a la Ley 34\/2002 (LSSICE).<\/p>\t\t\t\t\t\t\t\t<\/div>\n\t\t\t\t<\/div>\n\t\t\t\t\t<\/div>\n\t\t<\/div>\n\t\t\t\t\t<\/div>\n\t\t<\/section>\n\t\t\t\t<\/div>\n\t\t","protected":false},"excerpt":{"rendered":"<p>aviso legal CONDICI\u00d3NS DE USO Gallega de Distribuidores de Alimentaci\u00f3n S.A. ( GADISA), como cabeceira do grupo GADISA, e titular do sitio web www. gadis .es, cedeu o uso do mesmo a GADISA RETAIL S. L.U, (pertencente ao grupo GADISA e \u00e1 s\u00faa vez cabeceira do sub-grupo GADISA RETAIL) e \u00e1 vez encomendoulle a xesti\u00f3n [&hellip;]<\/p>\n","protected":false},"author":1,"featured_media":0,"parent":0,"menu_order":0,"comment_status":"closed","ping_status":"closed","template":"","meta":{"footnotes":""},"class_list":["post-13707","page","type-page","status-publish","hentry"],"_links":{"self":[{"href":"https:\/\/www.gadis.es\/saludable\/wp-json\/wp\/v2\/pages\/13707","targetHints":{"allow":["GET"]}}],"collection":[{"href":"https:\/\/www.gadis.es\/saludable\/wp-json\/wp\/v2\/pages"}],"about":[{"href":"https:\/\/www.gadis.es\/saludable\/wp-json\/wp\/v2\/types\/page"}],"author":[{"embeddable":true,"href":"https:\/\/www.gadis.es\/saludable\/wp-json\/wp\/v2\/users\/1"}],"replies":[{"embeddable":true,"href":"https:\/\/www.gadis.es\/saludable\/wp-json\/wp\/v2\/comments?post=13707"}],"version-history":[{"count":7,"href":"https:\/\/www.gadis.es\/saludable\/wp-json\/wp\/v2\/pages\/13707\/revisions"}],"predecessor-version":[{"id":13717,"href":"https:\/\/www.gadis.es\/saludable\/wp-json\/wp\/v2\/pages\/13707\/revisions\/13717"}],"wp:attachment":[{"href":"https:\/\/www.gadis.es\/saludable\/wp-json\/wp\/v2\/media?parent=13707"}],"curies":[{"name":"wp","href":"https:\/\/api.w.org\/{rel}","templated":true}]}}